)?
-73
Evaluate (-18 - (10 + -9 - 3)) + 2 + 24 + -15.
-5
Evaluate -86 + 1 + 0 + 0 - (4112 + -4128).
-69
Calculate 111 + (-102 - (10 - 2)).
1
-25 + (-1 + 24 - 14 - (21 - 2))
-35
Calculate -5 - (-7 - (32 - 22)) - 12.
0
What is the value of (-16 - (-8 + 7)) + 2 + -9 + 14?
-8
Evaluate -85 + 32 + 59 + 22.
28
Calculate (-18 - (179 - 188)) + -50 + 2 + -2.
-59
Calculate (74 - 77 - (9 + 1)) + (26 - 11).
2
What is the value of -9 + -3 - (-6 + (9 - 15) + 27)?
-27
Evaluate 41 + -9 - 54 - (8 + 6).
-36
What is -2 - (3 - -12) - (17 + -6 + 2 + -13)?
-17
Evaluate 37 + (-75 - 42 - -76).
-4
Calculate -16 + -20 - (-41 - (-43 + 19)) - -21.
2
Calculate (24 - (44 - -31)) + 18.
-33
Evaluate 201 - -2 - (8309 - 8239).
133
What is the value of 93 - (4 + -65 + 33 + 8)?
113
What is the value of 0 + 10 - (0 - -1) - (-39 - (46 + -87))?
7
Calculate (-4 - 1) + 12 + 6 + (-21 - 5).
-13
(26 - 0) + (-1141 - -1125)
10
What is -18 + -3 - (7 - 16) - (-5 - -78)?
-85
Calculate (-12 - -3) + -13 + -4 + 21 + -29.
-34
Evaluate 25 - (18 + 2 + 5 + (62 - 76)).
14
Evaluate -909 - -932 - (4 - (-3 - 15)).
1
3 - (10 - 52) - (-4 + 6 + 5)
38
What is the value of (24 - (-26 - -32) - 38 - -79) + -1 + 1?
59
71 + -1 - -62 - 80
52
What is 57 + (-56 - -57) + -2?
56
Calculate 13 - -1 - (-41 + 37).
18
6 + 1 + 30 - (-806 - -757)
86
Evaluate 5 + 0 - (-123 + 360 + -141).
-91
3 - (39 + 17 + -80)
27
Evaluate 132 - (47 + 46) - (1 + 6 - -1).
31
What is -66 - (-28 - (-3 + -18))?
-59
What is the value of 6 - (2 - -10 - (-9 + 9)) - (-1 + -7)?
2
What is the value of 1 - 14 - (11 + (-61 + -7 + -5 - -24))?
25
What is 44 + (25 + -42 - -20) + -14 + 16?
49
Calculate (-84 - 12) + (2 - (33 + -55)).
-72
Evaluate (9 - 3 - (16 + 18)) + (35 - 30).
-23
Calculate 46 - (3 + -2) - (-40 + 25 + 6 + 14).
40
Evaluate -22 + 1 - (473 + -504).
10
Calculate 4 - (-2 - (-14 + -2 - -12) - 2).
4
5 - (0 + 0) - (5706 + -5620)
-81
-3588 - -3548 - (-2 + 0 - -2 - 3)
-37
Evaluate (-27900 - -27928) + (0 - 0 - 19).
9
What is the value of -6 - ((5 - 3) + -1) - (0 + -42 + -13)?
48
What is the value of 50 + (-1 + 32 - (-24 + 5 + 28 + 7))?
65
What is the value of 69 + -80 - (-94 - (-3 + (0 - (-7 - -5))))?
82
Evaluate -85 - ((0 - 9) + -107 + 126 - (3 + 14)).
-78
What is the value of 16 - (-20 + 35 + (-15 - -22) - 32)?
26
What is the value of 34 + -94 + 105 + (0 - 22)?
23
Evaluate 40 + -36 - -52 - (10 + 2).
44
-2598 + 2624 + -31 + 0
-5
What is (-1152 - -1185) + -48 + 10?
-5
What is -24 + 50 + -33 - (-32 - (-8 + 4))?
21
Evaluate 32 + (12 - ((6 - -6) + 5 + -24 + 8)).
43
What is the value of 3 + (35 - 12 - 15 - (7 + 0)) - -37?
41
What is the value of -80 + 67 - -76 - (21 + 1)?
41
Calculate 37 + (-16 - (-3 + -3) - (8 - 19)).
38
Evaluate (-63 - (-27 + 8)) + (-6 - 23).
-73
Calculate 7 - -6 - (59 - 5 - 8).
-33
Calculate 0 + 3 + 5 + -39 + 38 + -89.
-82
What is the value of -6 + 1 + (4 - 6) + 27 + -74?
-54
What is (1585 - 1696) + (-4 - -199)?
84
Evaluate (108 - -3) + 20 + -14 + (2 + -6 - 7).
106
What is 38 - (2 + (-42 - -20) + 138)?
-80
What is 33 + (-13 - -20) + (9 - (-4 + 5 + 4))?
44
1060 - 1104 - (2 - 100)
54
Calculate (68 - 45) + (9 - -11) - 7.
36
Evaluate (-10 - 1) + 79 + -10 + -12 + 2 + 23.
71
What is (1 - 1) + (-25 - -33) + (-20 - 3) + -4?
-19
-1 - (6 - (-7 - -5) - 14)
5
Evaluate -24 + -2471 + 2499 + 101 + 1.
106
Calculate (-2486 - -2507) + -48 + -1.
-28
What is the value of 0 + 3 - 111 - (49 - (42 + 47) - -25)?
-93
Calculate -1 - 14 - ((66 - 109) + -13).
41
100 + 47 + -38 + -56
53
(138 + -102 - 155) + 125
6
What is 34 + (3 - 8) - (-101 - -86)?
44
What is -25 - -30 - ((40 - -36) + 8)?
-79
What is -5 + 1 - ((39 - (54 - -11)) + 16)?
6
Evaluate (226 - (136 - -8)) + -11 + 1.
72
Calculate -87 + 74 + -3 + 1 + 5 + 14 + 73.
77
Calculate 34 + -19 + 10 - (-12 + 33).
4
-57 - 20 - -14 - ((-9 - (-10 - -3)) + -3)
-58
Calculate (-12 + 15 + -2 - 4) + (-10 - -5) + -8.
-16
Calculate 24 - (-2 + -13 + (21 - (-5 - 2))).
11
What is the value of 9 + (-2 - (26 + -5 - 23))?
9
What is 5 - (-6 - (7 - (-2 - -11 - 4)))?
13
Calculate 7 - (5 + 0) - 8 - (282 + -341).
53
Evaluate 3 + -23 + -38 + (38 - 81 - -11).
-90
Calculate (-16 + 9 - -23) + -6 - (19 - 92).
83
What is the value of 137 + -161 - (-2 - 57)?
35
Evaluate (-62 - 0) + -22 + -17.
-101
10 - -28 - ((-28 - 17) + 170)
-87
What is -6 - (25 + 190 + -87)?
-134
(-32 - -47) + 25 + 3
43
What is the value of 29 + -40 - 7 - 8?
-26
Calculate 17 - (11 + 6 + -10 + 3) - 103 - 1.
-97
Evaluate (141 - (43 - (-2 + -24))) + (11 - 0).
83
162 - (160 - 107) - 76
33
What is -60 + (102 - -48) + -99?
-9
Calculate 2 + 15 + (3 - (-63 - (-1 + 0))).
82
Calculate (-62 - 70) + 128 + (1 - 0) + (-23 - 0).
-26
What is -160 + (82 - 2) - 39?
-119
Calculate (-54 - -25) + 2 - (3 - (6 + 3)).
-21
(8 - (-47 + 17)) + 171 + -209
0
(10 + -13 - -2) + 1 + (-6 - -7)
1
What is the value of -6 + 2 + -30 - -62 - -23?
51
Calculate -102 - (1 + -21) - (-3 - (-7 + 17)).
-69
What is the value of 26 - ((27 - 3) + (14 - 8) + -15)?
11
What is the value of -33 - -3 - (0 + 10 - (7 - 1))?
-34
What is -129 - -90 - (-27 - -4 - 1)?
-15
What is 49 + (-113 - -26) - -61?
23
Calculate 1 + -7 + -1 - (-9 - -3) - 22.
-23
What is (32 - 2 - (-7 - -9)) + (171 - 161)?
38
What is 46 + (-105 - (-9 + -39))?
-11
9 + (2 - 20 - -32) + 3 + 17
43
Calculate (0 + 5 - 3) + -363 + 362 - (-9 + 0).
10
Evaluate (-520 - -524) + 30 + 4.
38
Calculate -448 - -442 - (2 + 1 + -4).
-5
What is 25 + -6 + (-28 - 17 - -86)?
60
What is -7697 + 7806 + 2 + 6 + -3?
114
What is 0 + -12 + -6 + 38 + -12 - 5?
3
What is the value of 16 + (-37 - -146) + -58?
67
What is the value of 2 + 0 + -1 - (1139 - 1138) - -36?
36
What is (10 - (33 - -18)) + 50?
9
(-147 - -140) + 21 + (-7 - -17)
24
What is the value of (157 - 86) + -10 + -29?
32
Evaluate -68 + 53 + -9 + 2 + 33.
11
Evaluate 18 + -4 - -1 - (-9 - -3 - -37).
-16
Evaluate 332 + -357 - (-1 - 32) - (0 + 1 + 33).
-26
Calculate 8 - (-613 - -620 - (0 + -2 - 0 - -36)).
35
What is the value of (-23 + 0 + 23 - -18) + (-1 - 0)?
17
Evaluate 38 - (-111 + -46 + 97).
98
What is the value of 2 + -2 + 0 + 12 - (-46 - 27 - -74)?
11
What is (15 + -22 - 36) + 16 + 26?
-1
Evaluate 26 + 26 + (34 - 62).
24
Calculate 5 - (109 + -11 + -88).
-5
Calculate -52 - (-54 - -41 - (1 - 18) - (12 - 3)).
-47
Calculate -5 + 16 + 14 + (10 - 2) + -12.
21
What is 73 - 39 - (-123 + 90)?
67
What is (3 + -11 - 16 - -9 - -2) + 10?
-3
What is the value of -7 + (5 - 1) - ((30 - 21) + 4)?
-16
Calculate -40 + (-4 - 5 - -3 - -16).
-30
Calculate -42 + (0 - 3) + 9 + 12 + -13.
-37
Evaluate 19 + -6 + -21 + 15 + -58.
-51
(38 - 20) + -7 + -180 - -39
-130
35 - -1 - (-61 - (-44 + -31))
22
What is the value of 33 + -45 + (2 - (95 - (21 - 10)))?
-94
-25 + 14 + -7 + 13 + 62
57
1448 - 1402 - ((-3 - -2) + 3 + 8)
36
-8 - (32 + -14) - -38
12
(61 - 14) + -114 + 32
-35
Evaluate -19 + (-2 - -1) + (-139 - 63 - -212).
-10
What is the value of (2 - (-9 + 1)) + (896 - 978)?
-72
-6 + 0 + (-9 - (-34 - -9) - -43)
53
What is the value of 8 + 2 + -7 + 11 + 1 + -7?
8
What is the value of -1635 + 1553 + (30 - (-2 + 0))?
-50
Evaluate 7 + (-92 - (4 - 14) - (-5 - -10 - -6)).
-86
Evaluate 75 + (-1 - (-13 - -51)).
36
What is the value of -69 - (-43 + -38 + 20) - (29 + (-1 - 0))?
-36
What is -13 + 15 + (-4 + -29 - -31)?
0
Calculate (-2 - -17) + (-394 - -261) - (20 + -20).
-118
What is the value of -25 + (37 + 13 - 25)?
0
(-5 - 12) + 3 + 0 + -8 + -7
-29
What is the value of (47 - (6 + -19)) + (-12 - 1)?
47
What is (2 - 1 - -47) + -1 - (-13 - (-24 + 12))?
48
What is -11 - (-2 + (59 - 117))?
49
What is the value of (1 - -33) + -132 + (-4 - -8) + 4?
-90
Calculate (16 - 30) + -6 - (10 + -6).
-24
Evaluate 171 - 168 - (0 + -4) - (-14 - 10).
31
Calculate (-57 - -77 - 38) + (8 - 15) + (3 - -1).
-21
Evaluate (10 + -21 - -39) + -66.
-38
What is the value of 12 + (-7 - (-31 + 9)) - (9 - 0)?
18
What is 12 + 0 - (64 + -11 - -72) - (-2 - -13)?
-124
Calculate -65 + (60 - 57) + 17.
-45
Calculate 9 - ((-184 - -100) + 95 - (-5 - 0)).
-7
What is (7 - 13 - 72) + (2 - -6) - -2 - -2?
-66
5 + (-9 - ((212 - 299) + 6 + -1))
78
What is the value of (4 + -3 - 13) + (-522 - -569)?
35
What is -7 + -31 + (1 - -11) - (7 + -4)?
-29
(1072 - 1091) + 14 + 1 - (-42 + -1)
39
Evaluate 29 + 81 + -149 - -59.
20
Evaluate -80 + -1 - (-41 - (-29 + -9) - -12).
-90
What is the value of 13 + (-75 - 1) + (103 - 88